{"id":28,"date":"2025-09-03T18:35:02","date_gmt":"2025-09-03T16:35:02","guid":{"rendered":"http:\/\/lalalaurence.com\/?page_id=28"},"modified":"2025-11-03T12:06:00","modified_gmt":"2025-11-03T11:06:00","slug":"qui-suis-je","status":"publish","type":"page","link":"https:\/\/lalalaurence.com\/index.php\/qui-suis-je\/","title":{"rendered":"Qui suis-je ?"},"content":{"rendered":"\n<p><\/p>\n\n\n\n<figure class=\"wp-block-image size-full is-resized is-style-default\"><img loading=\"lazy\" decoding=\"async\" width=\"2560\" height=\"2560\" src=\"http:\/\/lalalaurence.com\/wp-content\/uploads\/2025\/09\/1757083903628-edited-1-scaled.jpg\" alt=\"\" class=\"wp-image-238\" style=\"aspect-ratio:1;object-fit:cover;width:280px;height:auto\" srcset=\"https:\/\/lalalaurence.com\/wp-content\/uploads\/2025\/09\/1757083903628-edited-1-scaled.jpg 2560w, https:\/\/lalalaurence.com\/wp-content\/uploads\/2025\/09\/1757083903628-edited-1-300x300.jpg 300w, https:\/\/lalalaurence.com\/wp-content\/uploads\/2025\/09\/1757083903628-edited-1-1024x1024.jpg 1024w, https:\/\/lalalaurence.com\/wp-content\/uploads\/2025\/09\/1757083903628-edited-1-150x150.jpg 150w, https:\/\/lalalaurence.com\/wp-content\/uploads\/2025\/09\/1757083903628-edited-1-768x768.jpg 768w, https:\/\/lalalaurence.com\/wp-content\/uploads\/2025\/09\/1757083903628-edited-1-1536x1536.jpg 1536w, https:\/\/lalalaurence.com\/wp-content\/uploads\/2025\/09\/1757083903628-edited-1-2048x2048.jpg 2048w, https:\/\/lalalaurence.com\/wp-content\/uploads\/2025\/09\/1757083903628-edited-1-600x600.jpg 600w, https:\/\/lalalaurence.com\/wp-content\/uploads\/2025\/09\/1757083903628-edited-1-1320x1319.jpg 1320w, https:\/\/lalalaurence.com\/wp-content\/uploads\/2025\/09\/1757083903628-edited-1-100x100.jpg 100w\" sizes=\"auto, (max-width: 2560px) 100vw, 2560px\" \/><\/figure>\n\n\n\n<p class=\"has-text-align-left\">Je suis <strong>Laurence D\u00e9pr\u00e9aux<\/strong>, fondatrice de <strong>\u00ab\u00a0Lala Laurence\u00a0\u00bb<\/strong>, un atelier d\u2019artisanat d\u2019art install\u00e9 en pleine nature, au c\u0153ur de la Creuse. Apr\u00e8s une aventure de huit ann\u00e9es dans la <strong>fabrication artisanale de papier<\/strong>, j\u2019ai choisi de donner une nouvelle vie \u00e0 ce savoir-faire en le combinant avec une autre mati\u00e8re que j\u2019affectionne :<strong> le tissu.<\/strong><\/p>\n\n\n\n<blockquote class=\"wp-block-quote is-layout-flow wp-block-quote-is-layout-flow\">\n<p>D\u00e9but 2025, j&rsquo;ai eu l&rsquo;occasion de r\u00e9cup\u00e9rer des chutes de tissus. De magnifiques tissus, aux motifs superbement color\u00e9s ! Le hic : je ne sais pas coudre ! J&rsquo;ai alors cherch\u00e9 \u00e0 utiliser les tissus d&rsquo;une mani\u00e8re nouvelle, en l&rsquo;associant au papier et au carton, des mat\u00e9riaux que je connaissais tr\u00e8s bien. Apr\u00e8s \u00e9norm\u00e9ment d&rsquo;exp\u00e9rimentations et d&rsquo;\u00e9checs (\u00ab\u00a0Ah bon ? Le tissu ne r\u00e9agit pas comme le papier ?\u00a0\u00bb), j&rsquo;ai cr\u00e9\u00e9 une gamme de produits innovants et originaux.<\/p>\n<\/blockquote>\n\n\n\n<p>Dans mon atelier, j\u2019explore une id\u00e9e simple :&nbsp;<strong>valoriser des mati\u00e8res v\u00e9g\u00e9tales<\/strong>&nbsp;(tissu en coton, papier recycl\u00e9, papier kraft, carton, etc.) et leur redonner vie \u00e0 travers des cr\u00e9ations uniques. Mon univers marie&nbsp;<strong>douceur, d\u00e9licatesse et nature<\/strong>&nbsp;: bijoux tout en l\u00e9g\u00e8ret\u00e9, objets de papeterie chaleureux, d\u00e9corations po\u00e9tiques\u2026<\/p>\n\n\n\n<p>Chaque pi\u00e8ce est <strong>faite main<\/strong>, dans le respect d\u2019une d\u00e9marche <strong>\u00e9cologique et d\u2019upcycling<\/strong>. Je me procure du tissu localement, aupr\u00e8s de sources creusoises. Je privil\u00e9gie le coton biologique GOTS ou Oeko-Tex\u00ae, des labels de qualit\u00e9. <\/p>\n\n\n\n<p>Mon travail s\u2019inspire des <strong>formes de la faune et de la flore<\/strong>, avec un style sobre mais color\u00e9 selon les tissus choisis.<\/p>\n\n\n\n<p>Je mets \u00e9galement \u00e0 profit les <strong>techniques artisanales<\/strong> acquises au fil des ans \u2013 impression typographique, linogravure, reliure \u2013 en les adaptant de mani\u00e8re originale au tissu. <\/p>\n\n\n\n<p class=\"has-text-align-center has-text-color has-link-color wp-elements-91c969374f47758579194b3e52c80e3c\" style=\"color:#799d91;font-size:16px\"><strong><em>Que ce soit pour un cadeau d\u00e9licat ou pour embellir votre quotidien, chaque cr\u00e9ation est pens\u00e9e pour transmettre po\u00e9sie, douceur et couleur !<\/em><\/strong><\/p>\n\n\n\n<p><\/p>\n","protected":false},"excerpt":{"rendered":"<p>Je suis Laurence D\u00e9pr\u00e9aux, fondatrice de \u00ab\u00a0Lala Laurence\u00a0\u00bb, un atelier d\u2019artisanat d\u2019art install\u00e9 en pleine nature, au c\u0153ur de la Creuse. Apr\u00e8s une aventure de huit ann\u00e9es dans la fabrication artisanale de papier, j\u2019ai choisi de donner une nouvelle vie \u00e0 ce savoir-faire en le combinant avec une autre mati\u00e8re que j\u2019affectionne : le tissu. [&hellip;]<\/p>\n","protected":false},"author":1,"featured_media":0,"parent":0,"menu_order":0,"comment_status":"closed","ping_status":"closed","template":"","meta":{"ocean_post_layout":"","ocean_both_sidebars_style":"","ocean_both_sidebars_content_width":0,"ocean_both_sidebars_sidebars_width":0,"ocean_sidebar":"","ocean_second_sidebar":"","ocean_disable_margins":"enable","ocean_add_body_class":"","ocean_shortcode_before_top_bar":"","ocean_shortcode_after_top_bar":"","ocean_shortcode_before_header":"","ocean_shortcode_after_header":"","ocean_has_shortcode":"","ocean_shortcode_after_title":"","ocean_shortcode_before_footer_widgets":"","ocean_shortcode_after_footer_widgets":"","ocean_shortcode_before_footer_bottom":"","ocean_shortcode_after_footer_bottom":"","ocean_display_top_bar":"default","ocean_display_header":"default","ocean_header_style":"","ocean_center_header_left_menu":"","ocean_custom_header_template":"","ocean_custom_logo":0,"ocean_custom_retina_logo":0,"ocean_custom_logo_max_width":0,"ocean_custom_logo_tablet_max_width":0,"ocean_custom_logo_mobile_max_width":0,"ocean_custom_logo_max_height":0,"ocean_custom_logo_tablet_max_height":0,"ocean_custom_logo_mobile_max_height":0,"ocean_header_custom_menu":"","ocean_menu_typo_font_family":"","ocean_menu_typo_font_subset":"","ocean_menu_typo_font_size":0,"ocean_menu_typo_font_size_tablet":0,"ocean_menu_typo_font_size_mobile":0,"ocean_menu_typo_font_size_unit":"px","ocean_menu_typo_font_weight":"","ocean_menu_typo_font_weight_tablet":"","ocean_menu_typo_font_weight_mobile":"","ocean_menu_typo_transform":"","ocean_menu_typo_transform_tablet":"","ocean_menu_typo_transform_mobile":"","ocean_menu_typo_line_height":0,"ocean_menu_typo_line_height_tablet":0,"ocean_menu_typo_line_height_mobile":0,"ocean_menu_typo_line_height_unit":"","ocean_menu_typo_spacing":0,"ocean_menu_typo_spacing_tablet":0,"ocean_menu_typo_spacing_mobile":0,"ocean_menu_typo_spacing_unit":"","ocean_menu_link_color":"","ocean_menu_link_color_hover":"","ocean_menu_link_color_active":"","ocean_menu_link_background":"","ocean_menu_link_hover_background":"","ocean_menu_link_active_background":"","ocean_menu_social_links_bg":"","ocean_menu_social_hover_links_bg":"","ocean_menu_social_links_color":"","ocean_menu_social_hover_links_color":"","ocean_disable_title":"default","ocean_disable_heading":"default","ocean_post_title":"","ocean_post_subheading":"","ocean_post_title_style":"","ocean_post_title_background_color":"","ocean_post_title_background":0,"ocean_post_title_bg_image_position":"","ocean_post_title_bg_image_attachment":"","ocean_post_title_bg_image_repeat":"","ocean_post_title_bg_image_size":"","ocean_post_title_height":0,"ocean_post_title_bg_overlay":0.5,"ocean_post_title_bg_overlay_color":"","ocean_disable_breadcrumbs":"default","ocean_breadcrumbs_color":"","ocean_breadcrumbs_separator_color":"","ocean_breadcrumbs_links_color":"","ocean_breadcrumbs_links_hover_color":"","ocean_display_footer_widgets":"default","ocean_display_footer_bottom":"default","ocean_custom_footer_template":"","footnotes":""},"class_list":["post-28","page","type-page","status-publish","hentry","entry","owp-thumbs-layout-horizontal","owp-btn-normal","owp-tabs-layout-horizontal","has-no-thumbnails","has-product-nav"],"jetpack_sharing_enabled":true,"_links":{"self":[{"href":"https:\/\/lalalaurence.com\/index.php\/wp-json\/wp\/v2\/pages\/28","targetHints":{"allow":["GET"]}}],"collection":[{"href":"https:\/\/lalalaurence.com\/index.php\/wp-json\/wp\/v2\/pages"}],"about":[{"href":"https:\/\/lalalaurence.com\/index.php\/wp-json\/wp\/v2\/types\/page"}],"author":[{"embeddable":true,"href":"https:\/\/lalalaurence.com\/index.php\/wp-json\/wp\/v2\/users\/1"}],"replies":[{"embeddable":true,"href":"https:\/\/lalalaurence.com\/index.php\/wp-json\/wp\/v2\/comments?post=28"}],"version-history":[{"count":21,"href":"https:\/\/lalalaurence.com\/index.php\/wp-json\/wp\/v2\/pages\/28\/revisions"}],"predecessor-version":[{"id":594,"href":"https:\/\/lalalaurence.com\/index.php\/wp-json\/wp\/v2\/pages\/28\/revisions\/594"}],"wp:attachment":[{"href":"https:\/\/lalalaurence.com\/index.php\/wp-json\/wp\/v2\/media?parent=28"}],"curies":[{"name":"wp","href":"https:\/\/api.w.org\/{rel}","templated":true}]}}